ded by 39.
33
Suppose -164 = -4*z + x + 99, x - 5 = 0. Calculate the remainder when 9846 is divided by z.
64
Let l(k) = -k**3 + 16*k**2 + 10*k + 910. Calculate the remainder when l(0) is divided by 61.
56
Suppose 0 = -17*z + 211 + 520. Let a be 2*1 + 36/12. Suppose 2*n + 3*i - 46 = 0, -7 = -n + a*i + 16. Calculate the remainder when z is divided by n.
20
Suppose -105*t + 379 = -461. Calculate the remainder when 666 is divided by t.
2
Let r = -5098 + 5121. What is the remainder when 682 is divided by r?
15
What is the remainder when 401 is divided by 15/135 - (-6010)/18?
67
Let l = 1554 - 1416. Calculate the remainder when 3859 is divided by l.
133
Calculate the remainder when (-132)/330 + 13414/10 is divided by 336.
333
Suppose 0*n + 44 = 2*n - 2*j, 2*j - 86 = -3*n. What is the remainder when 191 is divided by n?
9
Suppose -19*c - 23 = -17389. Calculate the remainder when c is divided by 7.
4
Let c be (-7)/(7/386) - -6. Let m = 428 + c. Calculate the remainder when 383 is divided by m.
47
Let h be ((-12)/10)/((-72)/240). Suppose -69 - 255 = -h*f. Suppose -5*k - y = 2*y - 114, 0 = 2*k - 4*y - 30. Calculate the remainder when f is divided by k.
18
What is the remainder when 328/1 + 89 + -80 is divided by 43?
36
Let l = 16648 + -16540. Calculate the remainder when 142 is divided by l.
34
Suppose -3*v - 1294 = -5*j + 1838, -j + 625 = -2*v. What is the remainder when j is divided by 616?
11
Let m = -14 - -20. Let q(t) = 19 + 2*t**2 - 9*t - 66 + 50. What is the remainder when 82 is divided by q(m)?
19
Suppose 2*f = -2*a + 14, 4*f = 11 + 1. Suppose a*g + 3 = z, 5*z = -4*g - g + 65. Let c = 274 - 199. What is the remainder when c is divided by z?
9
Let a be 8/4 + (4 + -4)/2. Suppose -a*l = -7*l + 225. Suppose -4*f + 15 = -25. Calculate the remainder when l is divided by f.
5
Let i = -489 + 703. Suppose 3*w + i = 1018. Suppose 5*r - 2*r - 5*u - 54 = 0, 0 = u. What is the remainder when w is divided by r?
16
Suppose 4*l + z + 3*z = 320, -z + 323 = 4*l. Let a = -3798 - -3810. Calculate the remainder when l is divided by a.
9
Suppose -3*r + 206 = 2*a + 47, -5*a + 363 = -4*r. Calculate the remainder when 823 is divided by a.
73
Suppose -13*m + 4290 = -3*m. Let u = 1187 - 1101. What is the remainder when m is divided by u?
85
Suppose -w = -5*b - 3*w + 57, -5*b + 50 = -5*w. Let y(t) = 158*t - 3934. What is the remainder when y(25) is divided by b + 4 + 0 + -3?
4
Let l = -157 + 137. Let a = 2 - 1. What is the remainder when l/(-28) - (24/14 + -2) is divided by a?
0
Let b = -48526 + 48717. Calculate the remainder when b is divided by 49 - ((-1)/(-1) - 0).
47
Let c be 2*(4 + -8)*(-1)/4. Suppose -c*n + 258 = -342. Suppose 3*x + n = 18*x. Calculate the remainder when x is divided by 6.
2
Suppose -2188 = -168*n + 3860. What is the remainder when 0/(-1) - (20 + -110) is divided by n?
18
Suppose 1 = -2*v + 69. Let r(k) = 498*k**2 + 216*k + 23. What is the remainder when r(-1) is divided by v?
33
Let p = 36 + -8. Let f(g) = -4*g**2 + 18*g - 1. Let q(a) = 2. Let y(k) = -f(k) + 6*q(k). Calculate the remainder when y(7) is divided by p.
27
Suppose -9*u - 112 = -130. Suppose -5*w - u*z = -4*z - 261, -4*z = -2*w + 114. Calculate the remainder when w is divided by 19.
13
Let u(m) = 4*m**2 + 17*m + 127. What is the remainder when 312 is divided by u(-6)?
143
Let f be ((-17)/((-51)/(-5106)))/2. Let j = 924 + f. Calculate the remainder when j is divided by 10.
3
Suppose -8582*b + 156030 = -8567*b. What is the remainder when b is divided by 68?
66
Suppose -r + 6*r - 3*q = 13, 0 = 4*r + 4*q - 36. Suppose 4*g - 62 = w + w, -r*g + 82 = -w. Calculate the remainder when g is divided by 5.
2
Let l be (7 - (-1 + 3)) + -6. Let f be (l - 1 - (-1)/(-1))/(-3). What is the remainder when (-3 + f)*(-500)/8 is divided by 14?
13
Let g(r) = -r**3 - 5*r**2 - 10*r - 19. Let w be g(-5). Suppose -351 = 4*k - w*k. Calculate the remainder when k is divided by (-18)/(-5) + (-2)/(-5).
1
Let r be (-1)/(-2) + (-18)/4. Let b = r - -9. Let v(t) = -376*t - 374. What is the remainder when b is divided by v(-1)?
1
Suppose 28*j = 24*j + 16*j - 96. Calculate the remainder when 62 is divided by j.
6
Suppose 4*u = 41 + 31 + 28. What is the remainder when u is divided by 10?
5
Suppose 66*y = 11270 - 710. What is the remainder when y is divided by 34?
24
Let c(r) = -35*r - 47. Let i be 8/(-16) - 15/10. Calculate the remainder when 112 is divided by c(i).
20
Let z be (3/12)/((-147)/(-36) + -4). Suppose 173 = 3*u + 5*v, -181 = -3*u - z*v + 2*v. What is the remainder when u is divided by 7?
5
Let z(h) = 90*h - 641. What is the remainder when 504 is divided by z(9)?
166
Let y be (3 + (-145)/15)*-3. What is the remainder when (-2)/y*332*-5 is divided by 21?
19
Let d(w) = 8*w + 6. Let u be 1 + 6 + 2/2. Suppose 39 = 2*f + 3. What is the remainder when d(u) is divided by f?
16
Let p(i) = -i**3 - 6*i**2 - 6*i - 25. Let b be p(-6). Suppose -266 = -b*y + 4*y. Calculate the remainder when y is divided by 10.
8
Let r(c) = 4*c**2 + 77*c + 177. Calculate the remainder when r(-20) is divided by 73.
18
Let i(q) = 5*q**3 - 5*q + 12. Let f be i(2). Calculate the remainder when 3/((-6)/(-194)) - (41 - f) is divided by 9.
8
Suppose 3*w - 241 = -4*f, 5*w + 6*f - 8*f = 367. What is the remainder when 455 is divided by w?
5
Let i be (1/(-3))/(8/(-264)). Calculate the remainder when (-1)/(-2)*(i + (2 - 1)) is divided by 4.
2
Let j(w) = -4*w**2 + 99*w + 35. Suppose 73*b - 67*b - 24 = 0. What is the remainder when j(25) is divided by b?
2
Suppose -275*w - 1452 = -286*w. Calculate the remainder when 570 is divided by w.
42
Let a = -14 + 56. Let t = a - 37. What is the remainder when 54 is divided by (-12)/t*90/(-12)?
0
Let c(y) = -23*y**2 - 190*y + 0*y**3 - y**3 + 186*y - 29. Calculate the remainder when c(-23) is divided by 13.
11
Suppose 0 = 3*n - 6*n + 12. Let a be -7 + 3 - (-67 - 0)/(-1). Let z = -63 - a. Calculate the remainder when z is divided by n.
0
Let q(k) = -2*k**2 - 2*k - 12. Let p be q(-3). What is the remainder when (-280)/(-6) + (-8)/p is divided by (-1)/(-2) + (-165)/(-10)?
13
Suppose 105*a + 14*a - 3999 = 61332. Calculate the remainder when a is divided by 257.
35
Let i = 333 + -211. Let d(h) = -341*h**2 + 10930*h - 551. Calculate the remainder when i is divided by d(32).
22
Let r(p) be the third derivative of 7*p**4/6 - 31*p**3 - 11*p**2 + 2*p. Calculate the remainder when r(15) is divided by 34.
30
Suppose -33*z = -29*z - 40. Let u = -17 - -15. What is the remainder when ((-2)/4)/(u/140) is divided by z?
5
Suppose -3*m - 7 = -4*l, -5*l = 2*m - 7*l + 2. Let u = -64 + 81. Calculate the remainder when u is divided by m.
2
Suppose 3*z - 55 = -10. Let o = z - 8. Suppose 11*l = o*l + 16. What is the remainder when 19 is divided by l?
3
Suppose -625 - 669 = -269*b + 1127. Calculate the remainder when 1175 is divided by b.
5
Suppose 0 = -2*s + 31 - 17. Let p(f) = 0 + s - f**2 + 4*f + 8*f - f. What is the remainder when 82 is divided by p(10)?
14
Let p = 20 - 20. Let h(r) = p*r + r + 0 + 10. Calculate the remainder when 25 is divided by h(6).
9
Let q(d) = d**2 + 13*d - 30. Suppose -62*x + 67*x + 75 = 0. Let h be q(x). Suppose h = 12*f - 14*f + 242. Calculate the remainder when f is divided by 41.
39
Suppose -10 = -2*f - i, 4*f - 5*i = -2*i. Suppose -20 - 39 = -5*s + 3*l, -5*l = -s + f. Calculate the remainder when 63 is divided by s.
11
Suppose 4*c - 44 = 2*r + 60, -52 = -2*c + 4*r. Suppose 31*h - 28*h - 537 = 0. Let f = h + -76. Calculate the remainder when f is divided by c.
25
Let k = 3164 + -2277. Calculate the remainder when k is divided by 111.
110
Let p(r) = -8*r + 1. Let s = -33 - -27. Let w be p(s). Suppose 11 = t + t + 5*o, -o + w = 3*t. What is the remainder when 87 is divided by t?
15
Let s(t) = -32*t - 273. Calculate the remainder when 9069 is divided by s(-10).
45
Suppose -3*p - 189 = -1914. Suppose -u + a - 353 = 2*u, 5*u + p = -5*a. What is the remainder when 26/u - (-371)/9 is divided by 11?
8
Let y = 85 + -64. Suppose -26*z = -y*z - 10. What is the remainder when 99 is divided by (-5)/10 + 9/z?
3
Let u = -506 - -506. Suppose u = -316*c + 311*c + 150. Calculate the remainder when 83 is divided by c.
23
Suppose -7*q + 1709 = -3*q - 64331. Calculate the remainder when q is divided by 12.
10
Suppose 0 = -p - 15